{"id":131,"date":"2024-03-13T18:40:36","date_gmt":"2024-03-13T18:40:36","guid":{"rendered":"https:\/\/hansrubel.de\/?page_id=131"},"modified":"2024-03-13T18:43:28","modified_gmt":"2024-03-13T18:43:28","slug":"hoehenfelder-see","status":"publish","type":"page","link":"https:\/\/hansrubel.de\/?page_id=131","title":{"rendered":"H\u00f6henfelder See"},"content":{"rendered":"\n<p>Begleiten Sie mich auf einem sch\u00f6nen Spaziergang rund um den H\u00f6henfelder See im Erholungsgebiet D\u00fcnnwalder Wald im rechtsrheinischen K\u00f6ln.<\/p>\n\n\n\nngg_shortcode_0_placeholder\n","protected":false},"excerpt":{"rendered":"<p>Begleiten Sie mich auf einem sch\u00f6nen Spaziergang rund um den H\u00f6henfelder See im Erholungsgebiet D\u00fcnnwalder Wald im rechtsrheinischen K\u00f6ln.<\/p>\n","protected":false},"author":1,"featured_media":0,"parent":50,"menu_order":2,"comment_status":"closed","ping_status":"closed","template":"","meta":{"ngg_post_thumbnail":0,"footnotes":""},"class_list":["post-131","page","type-page","status-publish","hentry"],"_links":{"self":[{"href":"https:\/\/hansrubel.de\/index.php?rest_route=\/wp\/v2\/pages\/131","targetHints":{"allow":["GET"]}}],"collection":[{"href":"https:\/\/hansrubel.de\/index.php?rest_route=\/wp\/v2\/pages"}],"about":[{"href":"https:\/\/hansrubel.de\/index.php?rest_route=\/wp\/v2\/types\/page"}],"author":[{"embeddable":true,"href":"https:\/\/hansrubel.de\/index.php?rest_route=\/wp\/v2\/users\/1"}],"replies":[{"embeddable":true,"href":"https:\/\/hansrubel.de\/index.php?rest_route=%2Fwp%2Fv2%2Fcomments&post=131"}],"version-history":[{"count":2,"href":"https:\/\/hansrubel.de\/index.php?rest_route=\/wp\/v2\/pages\/131\/revisions"}],"predecessor-version":[{"id":166,"href":"https:\/\/hansrubel.de\/index.php?rest_route=\/wp\/v2\/pages\/131\/revisions\/166"}],"up":[{"embeddable":true,"href":"https:\/\/hansrubel.de\/index.php?rest_route=\/wp\/v2\/pages\/50"}],"wp:attachment":[{"href":"https:\/\/hansrubel.de\/index.php?rest_route=%2Fwp%2Fv2%2Fmedia&parent=131"}],"curies":[{"name":"wp","href":"https:\/\/api.w.org\/{rel}","templated":true}]}}